{"id":12,"date":"2024-02-28T02:35:53","date_gmt":"2024-02-28T01:35:53","guid":{"rendered":"https:\/\/rpennella.eleves.mediamatique.ch\/EportfolioRaffaelePennella\/?page_id=12"},"modified":"2026-08-26T20:26:04","modified_gmt":"2026-08-26T18:26:04","slug":"a-propos","status":"publish","type":"page","link":"https:\/\/rpennella.eleves.mediamatique.ch\/EportfolioRaffaelePennella\/acceuil\/a-propos\/","title":{"rendered":"a propos"},"content":{"rendered":"\t\t<div data-elementor-type=\"wp-page\" data-elementor-id=\"12\" class=\"elementor elementor-12\" data-elementor-post-type=\"page\">\n\t\t\t\t<div class=\"elementor-element elementor-element-8fae718 e-flex e-con-boxed wpr-particle-no wpr-jarallax-no wpr-parallax-no wpr-sticky-section-no wpr-column-slider-no wpr-equal-height-no e-con e-parent\" data-id=\"8fae718\" data-element_type=\"container\" data-e-type=\"container\">\n\t\t\t\t\t<div class=\"e-con-inner\">\n\t\t<div class=\"elementor-element elementor-element-d046811 e-flex e-con-boxed wpr-particle-no wpr-jarallax-no wpr-parallax-no wpr-sticky-section-no wpr-column-slider-no wpr-equal-height-no e-con e-child\" data-id=\"d046811\" data-element_type=\"container\" data-e-type=\"container\">\n\t\t\t\t\t<div class=\"e-con-inner\">\n\t\t\t\t<div class=\"elementor-element elementor-element-133b9a2 elementor-widget elementor-widget-heading\" data-id=\"133b9a2\" data-element_type=\"widget\" data-e-type=\"widget\" data-widget_type=\"heading.default\">\n\t\t\t\t<div class=\"elementor-widget-container\">\n\t\t\t\t\t<h2 class=\"elementor-heading-title elementor-size-default\">\u00e0 propos de moi<\/h2>\t\t\t\t<\/div>\n\t\t\t\t<\/div>\n\t\t\t\t<div class=\"elementor-element elementor-element-a771755 elementor-widget elementor-widget-heading\" data-id=\"a771755\" data-element_type=\"widget\" data-e-type=\"widget\" data-widget_type=\"heading.default\">\n\t\t\t\t<div class=\"elementor-widget-container\">\n\t\t\t\t\t<p class=\"elementor-heading-title elementor-size-default\"><p>Hello,<\/p><p>Je m\u2019appelle Raffaele et je suis un cr\u00e9atif multim\u00e9dia qui aime avant tout raconter des histoires. \u00c0 travers mes projets, j\u2019aime cr\u00e9er des univers visuels qui ont une identit\u00e9, une intention et quelque chose \u00e0 transmettre.<\/p><p>Ma formation de m\u00e9diamaticien m\u2019a permis de d\u00e9velopper une approche polyvalente du monde cr\u00e9atif. Je travaille notamment dans le <strong>design graphique, la vid\u00e9o, le motion design, le web et la 3D<\/strong>, tout en gardant une place importante pour l\u2019image, le son et l\u2019exp\u00e9rimentation.<\/p><p>Durant ma formation, j\u2019ai \u00e9galement choisi l\u2019option <strong>cr\u00e9ation d\u2019entreprise<\/strong>, une exp\u00e9rience qui m\u2019a permis de d\u00e9velopper mes connaissances en marketing, en entrepreneuriat et dans la mani\u00e8re de transformer une id\u00e9e en v\u00e9ritable projet.<\/p><p>Ce que j\u2019aime surtout, c\u2019est d\u00e9couvrir une nouvelle id\u00e9e, chercher comment lui donner une forme qui lui correspond et aller le plus loin possible dans sa r\u00e9alisation. Chaque projet est diff\u00e9rent, et c\u2019est justement ce qui me motive : apprendre, exp\u00e9rimenter et essayer de faire mieux \u00e0 chaque fois.<\/p><p>Si vous souhaitez d\u00e9couvrir mon univers ou discuter d\u2019un projet, n\u2019h\u00e9sitez pas \u00e0 me contacter.<\/p><\/p>\t\t\t\t<\/div>\n\t\t\t\t<\/div>\n\t\t\t\t\t<\/div>\n\t\t\t\t<\/div>\n\t\t\t\t\t<\/div>\n\t\t\t\t<\/div>\n\t\t\t\t<\/div>\n\t\t","protected":false},"excerpt":{"rendered":"<p>\u00e0 propos de moi Hello, Je m\u2019appelle Raffaele et je suis un cr\u00e9atif multim\u00e9dia qui aime avant tout raconter des histoires. \u00c0 travers mes projets, j\u2019aime cr\u00e9er des univers visuels qui ont une identit\u00e9, une intention et quelque chose \u00e0 transmettre. Ma formation de m\u00e9diamaticien m\u2019a permis de d\u00e9velopper une approche polyvalente du monde cr\u00e9atif. Je travaille notamment dans le design graphique, la vid\u00e9o, le motion design, le web et la 3D, tout en gardant une place importante pour l\u2019image, le son et l\u2019exp\u00e9rimentation. Durant ma formation, j\u2019ai \u00e9galement choisi l\u2019option cr\u00e9ation d\u2019entreprise, une exp\u00e9rience qui m\u2019a permis de d\u00e9velopper mes connaissances en marketing, en entrepreneuriat et dans la mani\u00e8re de transformer une id\u00e9e en v\u00e9ritable projet. Ce que j\u2019aime surtout, c\u2019est d\u00e9couvrir une nouvelle id\u00e9e, chercher comment lui donner une forme qui lui correspond et aller le plus loin possible dans sa r\u00e9alisation. Chaque projet est diff\u00e9rent, et c\u2019est justement ce qui me motive : apprendre, exp\u00e9rimenter et essayer de faire mieux \u00e0 chaque fois. Si vous souhaitez d\u00e9couvrir mon univers ou discuter d\u2019un projet, n\u2019h\u00e9sitez pas \u00e0 me contacter.<\/p>\n","protected":false},"author":1,"featured_media":0,"parent":10,"menu_order":0,"comment_status":"closed","ping_status":"closed","template":"","meta":{"footnotes":""},"class_list":["post-12","page","type-page","status-publish","hentry"],"_links":{"self":[{"href":"https:\/\/rpennella.eleves.mediamatique.ch\/EportfolioRaffaelePennella\/wp-json\/wp\/v2\/pages\/12","targetHints":{"allow":["GET"]}}],"collection":[{"href":"https:\/\/rpennella.eleves.mediamatique.ch\/EportfolioRaffaelePennella\/wp-json\/wp\/v2\/pages"}],"about":[{"href":"https:\/\/rpennella.eleves.mediamatique.ch\/EportfolioRaffaelePennella\/wp-json\/wp\/v2\/types\/page"}],"author":[{"embeddable":true,"href":"https:\/\/rpennella.eleves.mediamatique.ch\/EportfolioRaffaelePennella\/wp-json\/wp\/v2\/users\/1"}],"replies":[{"embeddable":true,"href":"https:\/\/rpennella.eleves.mediamatique.ch\/EportfolioRaffaelePennella\/wp-json\/wp\/v2\/comments?post=12"}],"version-history":[{"count":31,"href":"https:\/\/rpennella.eleves.mediamatique.ch\/EportfolioRaffaelePennella\/wp-json\/wp\/v2\/pages\/12\/revisions"}],"predecessor-version":[{"id":567,"href":"https:\/\/rpennella.eleves.mediamatique.ch\/EportfolioRaffaelePennella\/wp-json\/wp\/v2\/pages\/12\/revisions\/567"}],"up":[{"embeddable":true,"href":"https:\/\/rpennella.eleves.mediamatique.ch\/EportfolioRaffaelePennella\/wp-json\/wp\/v2\/pages\/10"}],"wp:attachment":[{"href":"https:\/\/rpennella.eleves.mediamatique.ch\/EportfolioRaffaelePennella\/wp-json\/wp\/v2\/media?parent=12"}],"curies":[{"name":"wp","href":"https:\/\/api.w.org\/{rel}","templated":true}]}}

<div data-elementor-type="wp-page" data-elementor-id="12" class="elementor elementor-12" data-elementor-post-type="page">
				<div class="elementor-element elementor-element-8fae718 e-flex e-con-boxed wpr-particle-no wpr-jarallax-no wpr-parallax-no wpr-sticky-section-no wpr-column-slider-no wpr-equal-height-no e-con e-parent" data-id="8fae718" data-element_type="container" data-e-type="container">
					<div class="e-con-inner">
		<div class="elementor-element elementor-element-d046811 e-flex e-con-boxed wpr-particle-no wpr-jarallax-no wpr-parallax-no wpr-sticky-section-no wpr-column-slider-no wpr-equal-height-no e-con e-child" data-id="d046811" data-element_type="container" data-e-type="container">
					<div class="e-con-inner">
				<div class="elementor-element elementor-element-133b9a2 elementor-widget elementor-widget-heading" data-id="133b9a2" data-element_type="widget" data-e-type="widget" data-widget_type="heading.default">
				<div class="elementor-widget-container">
					<h2 class="elementor-heading-title elementor-size-default">à propos de moi</h2>				</div>
				</div>
				<div class="elementor-element elementor-element-a771755 elementor-widget elementor-widget-heading" data-id="a771755" data-element_type="widget" data-e-type="widget" data-widget_type="heading.default">
				<div class="elementor-widget-container">
					<p class="elementor-heading-title elementor-size-default"><p>Hello,</p><p>Je m’appelle Raffaele et je suis un créatif multimédia qui aime avant tout raconter des histoires. À travers mes projets, j’aime créer des univers visuels qui ont une identité, une intention et quelque chose à transmettre.</p><p>Ma formation de médiamaticien m’a permis de développer une approche polyvalente du monde créatif. Je travaille notamment dans le <strong>design graphique, la vidéo, le motion design, le web et la 3D</strong>, tout en gardant une place importante pour l’image, le son et l’expérimentation.</p><p>Durant ma formation, j’ai également choisi l’option <strong>création d’entreprise</strong>, une expérience qui m’a permis de développer mes connaissances en marketing, en entrepreneuriat et dans la manière de transformer une idée en véritable projet.</p><p>Ce que j’aime surtout, c’est découvrir une nouvelle idée, chercher comment lui donner une forme qui lui correspond et aller le plus loin possible dans sa réalisation. Chaque projet est différent, et c’est justement ce qui me motive : apprendre, expérimenter et essayer de faire mieux à chaque fois.</p><p>Si vous souhaitez découvrir mon univers ou discuter d’un projet, n’hésitez pas à me contacter.</p></p>				</div>
				</div>
					</div>
				</div>
					</div>
				</div>
				</div>

<p>à propos de moi Hello, Je m’appelle Raffaele et je suis un créatif multimédia qui aime avant tout raconter des histoires. À travers mes projets, j’aime créer des univers visuels qui ont une identité, une intention et quelque chose à transmettre. Ma formation de médiamaticien m’a permis de développer une approche polyvalente du monde créatif. Je travaille notamment dans le design graphique, la vidéo, le motion design, le web et la 3D, tout en gardant une place importante pour l’image, le son et l’expérimentation. Durant ma formation, j’ai également choisi l’option création d’entreprise, une expérience qui m’a permis de développer mes connaissances en marketing, en entrepreneuriat et dans la manière de transformer une idée en véritable projet. Ce que j’aime surtout, c’est découvrir une nouvelle idée, chercher comment lui donner une forme qui lui correspond et aller le plus loin possible dans sa réalisation. Chaque projet est différent, et c’est justement ce qui me motive : apprendre, expérimenter et essayer de faire mieux à chaque fois. Si vous souhaitez découvrir mon univers ou discuter d’un projet, n’hésitez pas à me contacter.</p>
